{"id":113,"date":"2022-12-15T22:02:57","date_gmt":"2022-12-15T22:02:57","guid":{"rendered":"https:\/\/www.rachotbanda.com\/?page_id=113"},"modified":"2026-03-29T15:56:25","modified_gmt":"2026-03-29T15:56:25","slug":"historie","status":"publish","type":"page","link":"https:\/\/www.rachotbanda.com\/?page_id=113","title":{"rendered":"Historie"},"content":{"rendered":"<p class=\"style2\" style=\"padding-left: 40px;\" align=\"left\"><span style=\"font-family: trebuchet ms, geneva, sans-serif; font-size: 14pt;\"><b><br \/>\nPoh\u00e1dka o velk\u00e9m rachotu<\/b><\/span><\/p>\n<p class=\"style2\" style=\"padding-left: 40px;\" align=\"left\"><span style=\"font-family: trebuchet ms, geneva, sans-serif; font-size: 12pt;\">Bylo nebylo\u2026P\u0159ed XXX lety (v roce 2025 to bylo ji\u017e 33 let), za sedmero zat\u00e1\u010dkami a dv\u011bma \u017eelezni\u010dn\u00edmi p\u0159ejezdy v hospod\u011b pod horou T\u00e1bor<br \/>\nse se\u0161la na kamar\u00e1dov\u00fdch narozenin\u00e1ch parti\u010dka muzikant\u016f, kte\u0159\u00ed se znali z hospody a spole\u010dn\u00fdch vandr\u016f. Po p\u00e1r pivech si \u0159ekli, \u017ee by z nich<br \/>\nmohla b\u00fdt sv\u011btozn\u00e1m\u00e1 kapela a proto za\u010dali hr\u00e1t po t\u011bch hospod\u00e1ch hr\u00e1t je\u0161t\u011b v\u00edce.<\/span><\/p>\n<p style=\"padding-left: 40px;\"><span style=\"font-family: trebuchet ms, geneva, sans-serif; font-size: 12pt;\">Sestava se v n\u00e1sleduj\u00edc\u00edch p\u00e1r letech je\u0161t\u011b formovala a tu\u017eila podle toho, kdo se na jak\u00fd n\u00e1stroj nau\u010dil hr\u00e1t a kdo si co po\u0159\u00eddil.<br \/>\nV kapele se objevila vedle kytar a basy piva je\u0161t\u011b basa hudebn\u00ed, \u010d\u00edm\u017e n\u00e1strojov\u00fd park kapely nadlouho ustrnul. Tedy ust\u00e1lil.<br \/>\n<img loading=\"lazy\" decoding=\"async\" class=\"alignnone wp-image-168\" src=\"https:\/\/www.rachotbanda.com\/wp-content\/uploads\/2022\/12\/rb30plo-300x192.jpg\" alt=\"\" width=\"616\" height=\"394\" srcset=\"https:\/\/www.rachotbanda.com\/wp-content\/uploads\/2022\/12\/rb30plo-300x192.jpg 300w, https:\/\/www.rachotbanda.com\/wp-content\/uploads\/2022\/12\/rb30plo-1024x656.jpg 1024w, https:\/\/www.rachotbanda.com\/wp-content\/uploads\/2022\/12\/rb30plo-768x492.jpg 768w, https:\/\/www.rachotbanda.com\/wp-content\/uploads\/2022\/12\/rb30plo-1536x985.jpg 1536w, https:\/\/www.rachotbanda.com\/wp-content\/uploads\/2022\/12\/rb30plo.jpg 1800w\" sizes=\"auto, (max-width: 616px) 100vw, 616px\" \/><\/span><\/p>\n<p style=\"padding-left: 40px;\"><img loading=\"lazy\" decoding=\"async\" class=\"alignnone wp-image-143 size-full\" src=\"https:\/\/www.rachotbanda.com\/wp-content\/uploads\/2022\/12\/RB-Bardejov-2009.jpg\" alt=\"\" width=\"617\" height=\"384\" srcset=\"https:\/\/www.rachotbanda.com\/wp-content\/uploads\/2022\/12\/RB-Bardejov-2009.jpg 617w, https:\/\/www.rachotbanda.com\/wp-content\/uploads\/2022\/12\/RB-Bardejov-2009-300x187.jpg 300w\" sizes=\"auto, (max-width: 617px) 100vw, 617px\" \/><\/p>\n<p style=\"padding-left: 40px;\"><span style=\"font-family: trebuchet ms, geneva, sans-serif; font-size: 12pt;\">Ze v\u0161ech hospod si kapela nejv\u00edc obl\u00edbila malebnou hosp\u016fdku na Ko\u0161ov\u011b a na jej\u00ed po\u010dest si za\u010dala<\/span><br \/>\n<span style=\"font-family: trebuchet ms, geneva, sans-serif; font-size: 12pt;\">\u0159\u00edkat &#8222;<strong>The Koshow Pub Rachot Banda<\/strong>&#8222;. Tento n\u00e1zev se po p\u00e1r rumech zd\u00e1l naprosto geni\u00e1ln\u00ed, sv\u011btov\u00fd a nad\u010dasov\u00fd, le\u010d uk\u00e1zalo se,<br \/>\n\u017ee zdaleka ne v\u0161ichni pij\u00ed rum. Byl proto p\u0159ijat kryc\u00ed n\u00e1zev <strong>Rachot Banda<\/strong>, kter\u00fd, jestli neum\u0159eli, se pou\u017e\u00edv\u00e1 dodnes.<\/span><\/p>\n<p style=\"padding-left: 40px;\"><span style=\"font-family: trebuchet ms, geneva, sans-serif; font-size: 12pt;\">Do kapely p\u0159ibyla rytmika v podob\u011b bub\u00ednku, \u010dinelu, r\u00fd\u017ee, d\u0159\u00edvek a v\u0161eho mo\u017en\u00e9ho, co rachot\u00ed a pod tlakem ve\u0159ejnosti, \u017ee rachotu je m\u00e1lo,<br \/>\ni zvukov\u00e1 aparatura. T\u00edm se kapela stala i nep\u0159eslechnutelnou.<\/span><\/p>\n<p style=\"padding-left: 40px;\"><span style=\"font-family: trebuchet ms, geneva, sans-serif; font-size: 12pt;\">Z\u00e1hy se zjistilo, \u017ee aparaturu mus\u00ed tak\u00e9 n\u011bkdo nastavit a obsluhovat. \u0160\u0165astnou shodou okolnost\u00ed se poda\u0159ilo zl\u00e1kat nejen zvuka\u0159e,<br \/>\nale v jedn\u00e9 osob\u011b i dal\u0161\u00edho muzikanta do party. V kapele se objevila elektrick\u00e1 kytara a k definitivn\u00edmu za\u010dlen\u011bn\u00ed kytaristy\/zvuka\u0159e<br \/>\n<\/span><span style=\"font-family: trebuchet ms, geneva, sans-serif; font-size: 12pt;\">do hudebn\u00edho t\u011blesa u\u017e br\u00e1n\u00ed jen mal\u00fd detail &#8211; jedin\u00fd nem\u00e1 dceru a tud\u00ed\u017e dle stanov sdru\u017een\u00ed mu byl p\u0159id\u011blen status st\u00e1l\u00e9ho hosta<br \/>\na velk\u00e9ho + kapely. Toto ale bylo zm\u011bn\u011bno v roce 2008 ud\u011blenou vyj\u00edmkou ze stanov a byl p\u0159ijat za st\u00e1l\u00e9ho \u010dlena RB.<\/span><br \/>\n<span style=\"font-family: trebuchet ms, geneva, sans-serif; font-size: 12pt;\">P\u0159ibylo bluegrassov\u00e9 banjo, bez kter\u00e9ho si to u\u017e kapela ani neum\u00ed p\u0159edstavit. I Emi se nau\u010dilo hr\u00e1t.<br \/>\nAle bohu\u017eel tak\u00e9 kapela p\u0159i\u0161la o zp\u011bva\u010dku Magdu, kter\u00e1 u\u017e necht\u011bla s Bandou pokra\u010dovat.<br \/>\n<\/span><\/p>\n<p class=\"style2\" style=\"padding-left: 40px;\" align=\"left\"><span style=\"font-family: trebuchet ms, geneva, sans-serif; font-size: 12pt;\">Status ob\u010dasn\u00e9ho obl\u00edben\u00e9ho hosta p\u0159e\u0161el na mandolinistu Zdendu st. a ob\u010dasn\u00e9ho mobiln\u00edho kytarov\u00e9ho zaskakova\u010de Panthera. Dob\u0159e, \u017ee jsou !<br \/>\n<\/span><\/p>\n<p style=\"padding-left: 40px;\"><span style=\"font-family: trebuchet ms, geneva, sans-serif; font-size: 12pt;\">Rachot Banda+ p\u0159ekra\u010duje hranice regionu, vyr\u00e1\u017e\u00ed do pra\u017esk\u00fdch hospod a na zahrani\u010dn\u00ed turn\u00e9 na Slovensko, kter\u00e1 jsou sice velmi n\u00e1ro\u010dn\u00e1,<br \/>\nale taky nezapomenuteln\u00e1. I na muziku p\u0159i nich do\u0161lo.<\/span><\/p>\n<p style=\"padding-left: 40px;\"><span style=\"font-family: trebuchet ms, geneva, sans-serif; font-size: 12pt;\">Kapela udr\u017euje a udr\u017eovala p\u0159\u00e1telsk\u00e9 muzikantsk\u00e9 vztahy s minimem pomluv a\u0165 u\u017e v minulosti s b\u00fdval\u00fdmi rovensk\u00fdmi Rebely nebo u\u017e tak\u00e9 b\u00fdval\u00fdmi<br \/>\n<\/span><span style=\"font-family: trebuchet ms, geneva, sans-serif; font-size: 12pt;\">semilsk\u00fdmi Johny Walker Band, st\u00e1le existuj\u00edc\u00ed kapelou NABOSO z Rokytnice n\/Jiz., p\u00edsni\u010dk\u00e1\u0159em a bavi\u010dem a stand-up komikem Arno\u0161tem Frauenbergem<br \/>\n\u010di dnes u\u017e tak\u00e9 b\u00fdval\u00fdmi slovensk\u00fdmi Wandr\u00e1ky (d\u0159\u00edve Doli\u0148\u00e1ky =&gt; je\u0161t\u011b d\u0159\u00edve Bomogo).<\/span><br \/>\n<span style=\"font-family: trebuchet ms, geneva, sans-serif; font-size: 12pt;\">V roce 2002, p\u0159i sv\u00e9m v\u00fdro\u010dn\u00edm koncertu k 10 let\u016fm existence, pr\u00e1v\u011b s nimi &#8222;zava\u0159ili&#8220; na G\u00e9\u010dku natolik v pohod\u011b,<br \/>\n\u017ee se koncert za rok opakoval a od t\u00e9 doby tomu nebylo dlouh\u00e9 roky jinak.<\/span><br \/>\n<span style=\"font-family: trebuchet ms, geneva, sans-serif; font-size: 12pt;\">Bohu\u017eel bylo legend\u00e1rn\u00ed lomnick\u00e9 G\u00e9\u010dko v roce 2021 po 42 definitivn\u011b zru\u0161eno a prod\u00e1no a dnes je tam vietnamsk\u00fd obcho\u010f\u00e1k \ud83d\ude41 R.I.P.<\/span><\/p>\n<p class=\"style2\" style=\"padding-left: 40px;\" align=\"left\"><span style=\"font-family: trebuchet ms, geneva, sans-serif; font-size: 12pt;\">I Covid 19 kapela p\u0159e\u017eila, i kdy\u017e to bylo p\u011bkn\u011b na palici, pauza byla dlouh\u00e1&#8230;<\/span><\/p>\n<p style=\"padding-left: 40px;\"><span style=\"font-family: trebuchet ms, geneva, sans-serif; font-size: 12pt;\">Vyd\u00e1n\u00ed CD se zat\u00edm nepl\u00e1nuje, proto\u017ee je\u0161t\u011b nen\u00ed k dispozici nahr\u00e1vac\u00ed technika, kter\u00e1 by obs\u00e1hla atmosf\u00e9ru Rachot Bandy+,<br \/>\nale ve vlastn\u00edm vydavatelstv\u00ed RB Records bylo vyd\u00e1no (v omezen\u00e9m mno\u017estv\u00ed 6ks) prvotn\u00ed CD ji\u017e zmi\u0148ovan\u00e9mu p\u00edsni\u010dk\u00e1\u0159i Arno\u0161tovi.F.<br \/>\n\u017de to bylo CD nanejv\u00fd\u0161 \u00fasp\u011b\u0161n\u00e9 dokazuje fakt, \u017ee cel\u00fd n\u00e1klad byl okam\u017eit\u011b rozebr\u00e1n.<\/span><br \/>\n<span style=\"font-family: trebuchet ms, geneva, sans-serif; font-size: 12pt;\">Pl\u00e1ny do budoucna m\u00e1 kapela dalekos\u00e1hl\u00e9, ale kam a\u017e dos\u00e1hnout se v tuto chv\u00edli takhle z hlavy d\u00e1 t\u011b\u017eko odhadnout.<\/span><\/p>\n<p style=\"padding-left: 40px;\"><span style=\"font-family: trebuchet ms, geneva, sans-serif; font-size: 12pt;\">Ka\u017edop\u00e1dn\u011b, jak prav\u00ed klasik Jarek N., dokud se zp\u00edv\u00e1 (a pije rum &#8211; pozn. RB+), je\u0161t\u011b se neum\u0159elo.<\/span><\/p>\n<p class=\"style2\" style=\"padding-left: 40px;\" align=\"left\"><span style=\"font-family: trebuchet ms, geneva, sans-serif; font-size: 12pt;\">Dobrou noc, d\u011bti.<\/span><\/p>\n<p align=\"left\">\n","protected":false},"excerpt":{"rendered":"<p>Poh\u00e1dka o velk\u00e9m rachotu Bylo nebylo\u2026P\u0159ed XXX lety (v roce 2025 to bylo ji\u017e 33 let), za sedmero zat\u00e1\u010dkami a dv\u011bma \u017eelezni\u010dn\u00edmi p\u0159ejezdy v hospod\u011b pod horou T\u00e1bor se se\u0161la na kamar\u00e1dov\u00fdch narozenin\u00e1ch parti\u010dka muzikant\u016f, kte\u0159\u00ed se znali z hospody a spole\u010dn\u00fdch vandr\u016f. Po p\u00e1r pivech si \u0159ekli, \u017ee by z nich mohla b\u00fdt sv\u011btozn\u00e1m\u00e1 &hellip; <\/p>\n<p class=\"link-more\"><a href=\"https:\/\/www.rachotbanda.com\/?page_id=113\" class=\"more-link\">Read more<span class=\"screen-reader-text\"> &#8222;Historie&#8220;<\/span><\/a><\/p>\n","protected":false},"author":1,"featured_media":0,"parent":0,"menu_order":0,"comment_status":"closed","ping_status":"closed","template":"","meta":{"footnotes":""},"class_list":["post-113","page","type-page","status-publish","hentry"],"_links":{"self":[{"href":"https:\/\/www.rachotbanda.com\/index.php?rest_route=\/wp\/v2\/pages\/113","targetHints":{"allow":["GET"]}}],"collection":[{"href":"https:\/\/www.rachotbanda.com\/index.php?rest_route=\/wp\/v2\/pages"}],"about":[{"href":"https:\/\/www.rachotbanda.com\/index.php?rest_route=\/wp\/v2\/types\/page"}],"author":[{"embeddable":true,"href":"https:\/\/www.rachotbanda.com\/index.php?rest_route=\/wp\/v2\/users\/1"}],"replies":[{"embeddable":true,"href":"https:\/\/www.rachotbanda.com\/index.php?rest_route=%2Fwp%2Fv2%2Fcomments&post=113"}],"version-history":[{"count":32,"href":"https:\/\/www.rachotbanda.com\/index.php?rest_route=\/wp\/v2\/pages\/113\/revisions"}],"predecessor-version":[{"id":463,"href":"https:\/\/www.rachotbanda.com\/index.php?rest_route=\/wp\/v2\/pages\/113\/revisions\/463"}],"wp:attachment":[{"href":"https:\/\/www.rachotbanda.com\/index.php?rest_route=%2Fwp%2Fv2%2Fmedia&parent=113"}],"curies":[{"name":"wp","href":"https:\/\/api.w.org\/{rel}","templated":true}]}}

<p class="style2" style="padding-left: 40px;" align="left"><span style="font-family: trebuchet ms, geneva, sans-serif; font-size: 14pt;"><b><br />
Pohádka o velkém rachotu</b></span></p>
<p class="style2" style="padding-left: 40px;" align="left"><span style="font-family: trebuchet ms, geneva, sans-serif; font-size: 12pt;">Bylo nebylo…Před XXX lety (v roce 2025 to bylo již 33 let), za sedmero zatáčkami a dvěma železničními přejezdy v hospodě pod horou Tábor<br />
se sešla na kamarádových narozeninách partička muzikantů, kteří se znali z hospody a společných vandrů. Po pár pivech si řekli, že by z nich<br />
mohla být světoznámá kapela a proto začali hrát po těch hospodách hrát ještě více.</span></p>
<p style="padding-left: 40px;"><span style="font-family: trebuchet ms, geneva, sans-serif; font-size: 12pt;">Sestava se v následujících pár letech ještě formovala a tužila podle toho, kdo se na jaký nástroj naučil hrát a kdo si co pořídil.<br />
V kapele se objevila vedle kytar a basy piva ještě basa hudební, čímž nástrojový park kapely nadlouho ustrnul. Tedy ustálil.<br />
<img loading="lazy" decoding="async" class="alignnone wp-image-168" src="https://www.rachotbanda.com/wp-content/uploads/2022/12/rb30plo-300x192.jpg" alt="" width="616" height="394" srcset="https://www.rachotbanda.com/wp-content/uploads/2022/12/rb30plo-300x192.jpg 300w, https://www.rachotbanda.com/wp-content/uploads/2022/12/rb30plo-1024x656.jpg 1024w, https://www.rachotbanda.com/wp-content/uploads/2022/12/rb30plo-768x492.jpg 768w, https://www.rachotbanda.com/wp-content/uploads/2022/12/rb30plo-1536x985.jpg 1536w, https://www.rachotbanda.com/wp-content/uploads/2022/12/rb30plo.jpg 1800w" sizes="auto, (max-width: 616px) 100vw, 616px" /></span></p>
<p style="padding-left: 40px;"><img loading="lazy" decoding="async" class="alignnone wp-image-143 size-full" src="https://www.rachotbanda.com/wp-content/uploads/2022/12/RB-Bardejov-2009.jpg" alt="" width="617" height="384" srcset="https://www.rachotbanda.com/wp-content/uploads/2022/12/RB-Bardejov-2009.jpg 617w, https://www.rachotbanda.com/wp-content/uploads/2022/12/RB-Bardejov-2009-300x187.jpg 300w" sizes="auto, (max-width: 617px) 100vw, 617px" /></p>
<p style="padding-left: 40px;"><span style="font-family: trebuchet ms, geneva, sans-serif; font-size: 12pt;">Ze všech hospod si kapela nejvíc oblíbila malebnou hospůdku na Košově a na její počest si začala</span><br />
<span style="font-family: trebuchet ms, geneva, sans-serif; font-size: 12pt;">říkat &#8222;<strong>The Koshow Pub Rachot Banda</strong>&#8222;. Tento název se po pár rumech zdál naprosto geniální, světový a nadčasový, leč ukázalo se,<br />
že zdaleka ne všichni pijí rum. Byl proto přijat krycí název <strong>Rachot Banda</strong>, který, jestli neumřeli, se používá dodnes.</span></p>
<p style="padding-left: 40px;"><span style="font-family: trebuchet ms, geneva, sans-serif; font-size: 12pt;">Do kapely přibyla rytmika v podobě bubínku, činelu, rýže, dřívek a všeho možného, co rachotí a pod tlakem veřejnosti, že rachotu je málo,<br />
i zvuková aparatura. Tím se kapela stala i nepřeslechnutelnou.</span></p>
<p style="padding-left: 40px;"><span style="font-family: trebuchet ms, geneva, sans-serif; font-size: 12pt;">Záhy se zjistilo, že aparaturu musí také někdo nastavit a obsluhovat. Šťastnou shodou okolností se podařilo zlákat nejen zvukaře,<br />
ale v jedné osobě i dalšího muzikanta do party. V kapele se objevila elektrická kytara a k definitivnímu začlenění kytaristy/zvukaře<br />
</span><span style="font-family: trebuchet ms, geneva, sans-serif; font-size: 12pt;">do hudebního tělesa už brání jen malý detail &#8211; jediný nemá dceru a tudíž dle stanov sdružení mu byl přidělen status stálého hosta<br />
a velkého + kapely. Toto ale bylo změněno v roce 2008 udělenou vyjímkou ze stanov a byl přijat za stálého člena RB.</span><br />
<span style="font-family: trebuchet ms, geneva, sans-serif; font-size: 12pt;">Přibylo bluegrassové banjo, bez kterého si to už kapela ani neumí představit. I Emi se naučilo hrát.<br />
Ale bohužel také kapela přišla o zpěvačku Magdu, která už nechtěla s Bandou pokračovat.<br />
</span></p>
<p class="style2" style="padding-left: 40px;" align="left"><span style="font-family: trebuchet ms, geneva, sans-serif; font-size: 12pt;">Status občasného oblíbeného hosta přešel na mandolinistu Zdendu st. a občasného mobilního kytarového zaskakovače Panthera. Dobře, že jsou !<br />
</span></p>
<p style="padding-left: 40px;"><span style="font-family: trebuchet ms, geneva, sans-serif; font-size: 12pt;">Rachot Banda+ překračuje hranice regionu, vyráží do pražských hospod a na zahraniční turné na Slovensko, která jsou sice velmi náročná,<br />
ale taky nezapomenutelná. I na muziku při nich došlo.</span></p>
<p style="padding-left: 40px;"><span style="font-family: trebuchet ms, geneva, sans-serif; font-size: 12pt;">Kapela udržuje a udržovala přátelské muzikantské vztahy s minimem pomluv ať už v minulosti s bývalými rovenskými Rebely nebo už také bývalými<br />
</span><span style="font-family: trebuchet ms, geneva, sans-serif; font-size: 12pt;">semilskými Johny Walker Band, stále existující kapelou NABOSO z Rokytnice n/Jiz., písničkářem a bavičem a stand-up komikem Arnoštem Frauenbergem<br />
či dnes už také bývalými slovenskými Wandráky (dříve Doliňáky =&gt; ještě dříve Bomogo).</span><br />
<span style="font-family: trebuchet ms, geneva, sans-serif; font-size: 12pt;">V roce 2002, při svém výročním koncertu k 10 letům existence, právě s nimi &#8222;zavařili&#8220; na Géčku natolik v pohodě,<br />
že se koncert za rok opakoval a od té doby tomu nebylo dlouhé roky jinak.</span><br />
<span style="font-family: trebuchet ms, geneva, sans-serif; font-size: 12pt;">Bohužel bylo legendární lomnické Géčko v roce 2021 po 42 definitivně zrušeno a prodáno a dnes je tam vietnamský obchoďák 🙁 R.I.P.</span></p>
<p class="style2" style="padding-left: 40px;" align="left"><span style="font-family: trebuchet ms, geneva, sans-serif; font-size: 12pt;">I Covid 19 kapela přežila, i když to bylo pěkně na palici, pauza byla dlouhá&#8230;</span></p>
<p style="padding-left: 40px;"><span style="font-family: trebuchet ms, geneva, sans-serif; font-size: 12pt;">Vydání CD se zatím neplánuje, protože ještě není k dispozici nahrávací technika, která by obsáhla atmosféru Rachot Bandy+,<br />
ale ve vlastním vydavatelství RB Records bylo vydáno (v omezeném množství 6ks) prvotní CD již zmiňovanému písničkáři Arnoštovi.F.<br />
Že to bylo CD nanejvýš úspěšné dokazuje fakt, že celý náklad byl okamžitě rozebrán.</span><br />
<span style="font-family: trebuchet ms, geneva, sans-serif; font-size: 12pt;">Plány do budoucna má kapela dalekosáhlé, ale kam až dosáhnout se v tuto chvíli takhle z hlavy dá těžko odhadnout.</span></p>
<p style="padding-left: 40px;"><span style="font-family: trebuchet ms, geneva, sans-serif; font-size: 12pt;">Každopádně, jak praví klasik Jarek N., dokud se zpívá (a pije rum &#8211; pozn. RB+), ještě se neumřelo.</span></p>
<p class="style2" style="padding-left: 40px;" align="left"><span style="font-family: trebuchet ms, geneva, sans-serif; font-size: 12pt;">Dobrou noc, děti.</span></p>
<p align="left">

<p>Pohádka o velkém rachotu Bylo nebylo…Před XXX lety (v roce 2025 to bylo již 33 let), za sedmero zatáčkami a dvěma železničními přejezdy v hospodě pod horou Tábor se sešla na kamarádových narozeninách partička muzikantů, kteří se znali z hospody a společných vandrů. Po pár pivech si řekli, že by z nich mohla být světoznámá &hellip; </p>
<p class="link-more"><a href="https://www.rachotbanda.com/?page_id=113" class="more-link">Read more<span class="screen-reader-text"> &#8222;Historie&#8220;</span></a></p>
